{"id":185,"date":"2020-01-07T09:18:11","date_gmt":"2020-01-07T09:18:11","guid":{"rendered":"https:\/\/www.epistel.se\/?page_id=185"},"modified":"2020-01-07T15:50:29","modified_gmt":"2020-01-07T15:50:29","slug":"tiden","status":"publish","type":"page","link":"https:\/\/www.epistel.se\/?page_id=185","title":{"rendered":"Tiden"},"content":{"rendered":"\n<h4>1:a s\u00f6ndagen efter trettondedagen | Jesu dop<\/h4>\n\n\n\n<p><em>Inspirerad av 1:a Johannesbrevet 5:11\u201312<\/em><\/p>\n\n\n\n<p>Gud har gett oss sin son<br>och i Guds son har vi livet.<br>\u00d6gonblick, dagar och \u00e5r<br>\u00e4r inte bara ett l\u00e5n.<br>Evig och helig,<br>helig och evig,<br>gr\u00e4nsl\u00f6st gudomlig \u00e4r tiden.<br>Evig och helig,<br>helig och evig,<br>gr\u00e4nsl\u00f6st gudomlig och nu.<\/p>\n\n\n\n<figure class=\"wp-block-audio\"><audio controls src=\"https:\/\/www.epistel.se\/wp-content\/uploads\/2020\/01\/Tiden.mp3\"><\/audio><\/figure>\n\n\n\n<figure class=\"wp-block-image size-large\"><a href=\"https:\/\/www.epistel.se\/wp-content\/uploads\/2020\/01\/SVF-Fo\u0308rsta-so\u0308ndagen-efter-trettondedagen-scaled.jpg\"><img decoding=\"async\" loading=\"lazy\" width=\"683\" height=\"1024\" src=\"https:\/\/www.epistel.se\/wp-content\/uploads\/2020\/01\/SVF-Fo\u0308rsta-so\u0308ndagen-efter-trettondedagen-683x1024.jpg\" alt=\"\" class=\"wp-image-188\" srcset=\"https:\/\/www.epistel.se\/wp-content\/uploads\/2020\/01\/SVF-Fo\u0308rsta-so\u0308ndagen-efter-trettondedagen-683x1024.jpg 683w, https:\/\/www.epistel.se\/wp-content\/uploads\/2020\/01\/SVF-Fo\u0308rsta-so\u0308ndagen-efter-trettondedagen-200x300.jpg 200w, https:\/\/www.epistel.se\/wp-content\/uploads\/2020\/01\/SVF-Fo\u0308rsta-so\u0308ndagen-efter-trettondedagen-768x1152.jpg 768w, https:\/\/www.epistel.se\/wp-content\/uploads\/2020\/01\/SVF-Fo\u0308rsta-so\u0308ndagen-efter-trettondedagen-1024x1536.jpg 1024w, https:\/\/www.epistel.se\/wp-content\/uploads\/2020\/01\/SVF-Fo\u0308rsta-so\u0308ndagen-efter-trettondedagen-1366x2048.jpg 1366w, https:\/\/www.epistel.se\/wp-content\/uploads\/2020\/01\/SVF-Fo\u0308rsta-so\u0308ndagen-efter-trettondedagen-766x1149.jpg 766w, https:\/\/www.epistel.se\/wp-content\/uploads\/2020\/01\/SVF-Fo\u0308rsta-so\u0308ndagen-efter-trettondedagen-scaled.jpg 1707w\" sizes=\"(max-width: 683px) 100vw, 683px\" \/><\/a><\/figure>\n","protected":false},"excerpt":{"rendered":"<p>1:a s\u00f6ndagen efter trettondedagen | Jesu dop Inspirerad av 1:a Johannesbrevet 5:11\u201312 Gud har gett oss sin sonoch i Guds son har vi livet.\u00d6gonblick, dagar och \u00e5r\u00e4r inte bara ett l\u00e5n.Evig och helig,helig och evig,gr\u00e4nsl\u00f6st gudomlig \u00e4r tiden.Evig och helig,helig och evig,gr\u00e4nsl\u00f6st gudomlig och nu.<\/p>\n","protected":false},"author":2,"featured_media":0,"parent":0,"menu_order":0,"comment_status":"closed","ping_status":"closed","template":"","meta":{"spay_email":""},"categories":[],"tags":[45,29,30],"_links":{"self":[{"href":"https:\/\/www.epistel.se\/index.php?rest_route=\/wp\/v2\/pages\/185"}],"collection":[{"href":"https:\/\/www.epistel.se\/index.php?rest_route=\/wp\/v2\/pages"}],"about":[{"href":"https:\/\/www.epistel.se\/index.php?rest_route=\/wp\/v2\/types\/page"}],"author":[{"embeddable":true,"href":"https:\/\/www.epistel.se\/index.php?rest_route=\/wp\/v2\/users\/2"}],"replies":[{"embeddable":true,"href":"https:\/\/www.epistel.se\/index.php?rest_route=%2Fwp%2Fv2%2Fcomments&post=185"}],"version-history":[{"count":4,"href":"https:\/\/www.epistel.se\/index.php?rest_route=\/wp\/v2\/pages\/185\/revisions"}],"predecessor-version":[{"id":192,"href":"https:\/\/www.epistel.se\/index.php?rest_route=\/wp\/v2\/pages\/185\/revisions\/192"}],"wp:attachment":[{"href":"https:\/\/www.epistel.se\/index.php?rest_route=%2Fwp%2Fv2%2Fmedia&parent=185"}],"wp:term":[{"taxonomy":"category","embeddable":true,"href":"https:\/\/www.epistel.se\/index.php?rest_route=%2Fwp%2Fv2%2Fcategories&post=185"},{"taxonomy":"post_tag","embeddable":true,"href":"https:\/\/www.epistel.se\/index.php?rest_route=%2Fwp%2Fv2%2Ftags&post=185"}],"curies":[{"name":"wp","href":"https:\/\/api.w.org\/{rel}","templated":true}]}}

<h4>1:a söndagen efter trettondedagen | Jesu dop</h4>



<p><em>Inspirerad av 1:a Johannesbrevet 5:11–12</em></p>



<p>Gud har gett oss sin son<br>och i Guds son har vi livet.<br>Ögonblick, dagar och år<br>är inte bara ett lån.<br>Evig och helig,<br>helig och evig,<br>gränslöst gudomlig är tiden.<br>Evig och helig,<br>helig och evig,<br>gränslöst gudomlig och nu.</p>



<figure class="wp-block-audio"><audio controls src="https://www.epistel.se/wp-content/uploads/2020/01/Tiden.mp3"></audio></figure>



<figure class="wp-block-image size-large"><a href="https://www.epistel.se/wp-content/uploads/2020/01/SVF-Första-söndagen-efter-trettondedagen-scaled.jpg"><img decoding="async" loading="lazy" width="683" height="1024" src="https://www.epistel.se/wp-content/uploads/2020/01/SVF-Första-söndagen-efter-trettondedagen-683x1024.jpg" alt="" class="wp-image-188" srcset="https://www.epistel.se/wp-content/uploads/2020/01/SVF-Första-söndagen-efter-trettondedagen-683x1024.jpg 683w, https://www.epistel.se/wp-content/uploads/2020/01/SVF-Första-söndagen-efter-trettondedagen-200x300.jpg 200w, https://www.epistel.se/wp-content/uploads/2020/01/SVF-Första-söndagen-efter-trettondedagen-768x1152.jpg 768w, https://www.epistel.se/wp-content/uploads/2020/01/SVF-Första-söndagen-efter-trettondedagen-1024x1536.jpg 1024w, https://www.epistel.se/wp-content/uploads/2020/01/SVF-Första-söndagen-efter-trettondedagen-1366x2048.jpg 1366w, https://www.epistel.se/wp-content/uploads/2020/01/SVF-Första-söndagen-efter-trettondedagen-766x1149.jpg 766w, https://www.epistel.se/wp-content/uploads/2020/01/SVF-Första-söndagen-efter-trettondedagen-scaled.jpg 1707w" sizes="(max-width: 683px) 100vw, 683px" /></a></figure>

<p>1:a söndagen efter trettondedagen | Jesu dop Inspirerad av 1:a Johannesbrevet 5:11–12 Gud har gett oss sin sonoch i Guds son har vi livet.Ögonblick, dagar och årär inte bara ett lån.Evig och helig,helig och evig,gränslöst gudomlig är tiden.Evig och helig,helig och evig,gränslöst gudomlig och nu.</p>
