{"id":2,"date":"2019-09-26T13:40:31","date_gmt":"2019-09-26T13:40:31","guid":{"rendered":"https:\/\/www.epistel.se\/?page_id=2"},"modified":"2019-12-02T11:06:34","modified_gmt":"2019-12-02T11:06:34","slug":"start","status":"publish","type":"page","link":"https:\/\/www.epistel.se\/","title":{"rendered":"Epistel"},"content":{"rendered":"\n<p>Epistel \u00e4r en sida med s\u00e5nger skrivna av Tomas Bostr\u00f6m som utg\u00e5r fr\u00e5n de kanske minst l\u00e4sta texterna under kyrko\u00e5ret \u2013 Episteltexterna.<\/p>\n\n\n\n<p>F\u00f6rhoppningsvis kan detta vara ett s\u00e4tt att ge dem lite mer uppm\u00e4rksamhet. S\u00e5ngerna vill ocks\u00e5 underl\u00e4tta f\u00f6r dig att referera till texterna i gudstj\u00e4nsten. Hemsidans s\u00e5ngbank kommer att v\u00e4xa allteftersom och snart finns hela kyrko\u00e5rets sjungna reflektioner h\u00e4r.<\/p>\n\n\n\n<p>M\u00e5nga av s\u00e5ngerna kan du ocks\u00e5 k\u00f6pa i k\u00f6rarrangemang fr\u00e5n Gehrmans Musikf\u00f6rlag. I de fallen finns det en l\u00e4nk direkt fr\u00e5n respektive s\u00e5ngs sida.<\/p>\n","protected":false},"excerpt":{"rendered":"<p>Epistel \u00e4r en sida med s\u00e5nger skrivna av Tomas Bostr\u00f6m som utg\u00e5r fr\u00e5n de kanske minst l\u00e4sta texterna under kyrko\u00e5ret \u2013 Episteltexterna. F\u00f6rhoppningsvis kan detta vara ett s\u00e4tt att ge dem lite mer uppm\u00e4rksamhet. S\u00e5ngerna vill ocks\u00e5 underl\u00e4tta f\u00f6r dig att referera till texterna i gudstj\u00e4nsten. Hemsidans s\u00e5ngbank kommer att v\u00e4xa allteftersom och snart finns [&hellip;]<\/p>\n","protected":false},"author":1,"featured_media":92,"parent":0,"menu_order":0,"comment_status":"closed","ping_status":"closed","template":"","meta":{"spay_email":""},"categories":[],"tags":[],"_links":{"self":[{"href":"https:\/\/www.epistel.se\/index.php?rest_route=\/wp\/v2\/pages\/2"}],"collection":[{"href":"https:\/\/www.epistel.se\/index.php?rest_route=\/wp\/v2\/pages"}],"about":[{"href":"https:\/\/www.epistel.se\/index.php?rest_route=\/wp\/v2\/types\/page"}],"author":[{"embeddable":true,"href":"https:\/\/www.epistel.se\/index.php?rest_route=\/wp\/v2\/users\/1"}],"replies":[{"embeddable":true,"href":"https:\/\/www.epistel.se\/index.php?rest_route=%2Fwp%2Fv2%2Fcomments&post=2"}],"version-history":[{"count":4,"href":"https:\/\/www.epistel.se\/index.php?rest_route=\/wp\/v2\/pages\/2\/revisions"}],"predecessor-version":[{"id":153,"href":"https:\/\/www.epistel.se\/index.php?rest_route=\/wp\/v2\/pages\/2\/revisions\/153"}],"wp:featuredmedia":[{"embeddable":true,"href":"https:\/\/www.epistel.se\/index.php?rest_route=\/wp\/v2\/media\/92"}],"wp:attachment":[{"href":"https:\/\/www.epistel.se\/index.php?rest_route=%2Fwp%2Fv2%2Fmedia&parent=2"}],"wp:term":[{"taxonomy":"category","embeddable":true,"href":"https:\/\/www.epistel.se\/index.php?rest_route=%2Fwp%2Fv2%2Fcategories&post=2"},{"taxonomy":"post_tag","embeddable":true,"href":"https:\/\/www.epistel.se\/index.php?rest_route=%2Fwp%2Fv2%2Ftags&post=2"}],"curies":[{"name":"wp","href":"https:\/\/api.w.org\/{rel}","templated":true}]}}