{"id":379,"date":"2020-06-09T05:12:20","date_gmt":"2020-06-09T05:12:20","guid":{"rendered":"https:\/\/www.epistel.se\/?page_id=379"},"modified":"2020-06-09T05:12:21","modified_gmt":"2020-06-09T05:12:21","slug":"bar-varandras-borda","status":"publish","type":"page","link":"https:\/\/www.epistel.se\/?page_id=379","title":{"rendered":"B\u00e4r varandras b\u00f6rda"},"content":{"rendered":"\n<h3>Fj\u00e4rde s\u00f6ndagen efter trefaldighet | Att inte d\u00f6ma<\/h3>\n\n\n\n<p><em>Inspirerad av Galaterbrevet 6:1-7<\/em><\/p>\n\n\n\n<p><\/p>\n\n\n\n<p>s\u00f6ndag,<br>m\u00e5ndag,<br>tisdag,<br>onsdag,<br>torsdag,<br>fredag,<br>l\u00f6rdag.<br>Ja, varenda dag<br>g\u00e4ller Kristi lag:<br>B\u00e4r varandras b\u00f6rda.<\/p>\n\n\n\n<figure class=\"wp-block-audio\"><audio controls src=\"https:\/\/www.epistel.se\/wp-content\/uploads\/2020\/06\/4e_trefaldighet.mp3\"><\/audio><\/figure>\n\n\n\n<figure class=\"wp-block-image size-large\"><img decoding=\"async\" loading=\"lazy\" width=\"683\" height=\"1024\" src=\"https:\/\/www.epistel.se\/wp-content\/uploads\/2020\/06\/4e_trefaldighet-683x1024.jpg\" alt=\"\" class=\"wp-image-381\" srcset=\"https:\/\/www.epistel.se\/wp-content\/uploads\/2020\/06\/4e_trefaldighet-683x1024.jpg 683w, https:\/\/www.epistel.se\/wp-content\/uploads\/2020\/06\/4e_trefaldighet-200x300.jpg 200w, https:\/\/www.epistel.se\/wp-content\/uploads\/2020\/06\/4e_trefaldighet-768x1152.jpg 768w, https:\/\/www.epistel.se\/wp-content\/uploads\/2020\/06\/4e_trefaldighet-1024x1536.jpg 1024w, https:\/\/www.epistel.se\/wp-content\/uploads\/2020\/06\/4e_trefaldighet-1366x2048.jpg 1366w, https:\/\/www.epistel.se\/wp-content\/uploads\/2020\/06\/4e_trefaldighet-766x1149.jpg 766w, https:\/\/www.epistel.se\/wp-content\/uploads\/2020\/06\/4e_trefaldighet-scaled.jpg 1707w\" sizes=\"(max-width: 683px) 100vw, 683px\" \/><\/figure>\n","protected":false},"excerpt":{"rendered":"<p>Fj\u00e4rde s\u00f6ndagen efter trefaldighet | Att inte d\u00f6ma Inspirerad av Galaterbrevet 6:1-7 s\u00f6ndag,m\u00e5ndag,tisdag,onsdag,torsdag,fredag,l\u00f6rdag.Ja, varenda dagg\u00e4ller Kristi lag:B\u00e4r varandras b\u00f6rda.<\/p>\n","protected":false},"author":2,"featured_media":0,"parent":0,"menu_order":0,"comment_status":"closed","ping_status":"closed","template":"","meta":{"spay_email":""},"categories":[],"tags":[],"_links":{"self":[{"href":"https:\/\/www.epistel.se\/index.php?rest_route=\/wp\/v2\/pages\/379"}],"collection":[{"href":"https:\/\/www.epistel.se\/index.php?rest_route=\/wp\/v2\/pages"}],"about":[{"href":"https:\/\/www.epistel.se\/index.php?rest_route=\/wp\/v2\/types\/page"}],"author":[{"embeddable":true,"href":"https:\/\/www.epistel.se\/index.php?rest_route=\/wp\/v2\/users\/2"}],"replies":[{"embeddable":true,"href":"https:\/\/www.epistel.se\/index.php?rest_route=%2Fwp%2Fv2%2Fcomments&post=379"}],"version-history":[{"count":1,"href":"https:\/\/www.epistel.se\/index.php?rest_route=\/wp\/v2\/pages\/379\/revisions"}],"predecessor-version":[{"id":382,"href":"https:\/\/www.epistel.se\/index.php?rest_route=\/wp\/v2\/pages\/379\/revisions\/382"}],"wp:attachment":[{"href":"https:\/\/www.epistel.se\/index.php?rest_route=%2Fwp%2Fv2%2Fmedia&parent=379"}],"wp:term":[{"taxonomy":"category","embeddable":true,"href":"https:\/\/www.epistel.se\/index.php?rest_route=%2Fwp%2Fv2%2Fcategories&post=379"},{"taxonomy":"post_tag","embeddable":true,"href":"https:\/\/www.epistel.se\/index.php?rest_route=%2Fwp%2Fv2%2Ftags&post=379"}],"curies":[{"name":"wp","href":"https:\/\/api.w.org\/{rel}","templated":true}]}}

Bär varandras börda

<h3>Fjärde söndagen efter trefaldighet | Att inte döma</h3>



<p><em>Inspirerad av Galaterbrevet 6:1-7</em></p>



<p></p>



<p>söndag,<br>måndag,<br>tisdag,<br>onsdag,<br>torsdag,<br>fredag,<br>lördag.<br>Ja, varenda dag<br>gäller Kristi lag:<br>Bär varandras börda.</p>



<figure class="wp-block-audio"><audio controls src="https://www.epistel.se/wp-content/uploads/2020/06/4e_trefaldighet.mp3"></audio></figure>



<figure class="wp-block-image size-large"><img decoding="async" loading="lazy" width="683" height="1024" src="https://www.epistel.se/wp-content/uploads/2020/06/4e_trefaldighet-683x1024.jpg" alt="" class="wp-image-381" srcset="https://www.epistel.se/wp-content/uploads/2020/06/4e_trefaldighet-683x1024.jpg 683w, https://www.epistel.se/wp-content/uploads/2020/06/4e_trefaldighet-200x300.jpg 200w, https://www.epistel.se/wp-content/uploads/2020/06/4e_trefaldighet-768x1152.jpg 768w, https://www.epistel.se/wp-content/uploads/2020/06/4e_trefaldighet-1024x1536.jpg 1024w, https://www.epistel.se/wp-content/uploads/2020/06/4e_trefaldighet-1366x2048.jpg 1366w, https://www.epistel.se/wp-content/uploads/2020/06/4e_trefaldighet-766x1149.jpg 766w, https://www.epistel.se/wp-content/uploads/2020/06/4e_trefaldighet-scaled.jpg 1707w" sizes="(max-width: 683px) 100vw, 683px" /></figure>

<p>Fjärde söndagen efter trefaldighet | Att inte döma Inspirerad av Galaterbrevet 6:1-7 söndag,måndag,tisdag,onsdag,torsdag,fredag,lördag.Ja, varenda daggäller Kristi lag:Bär varandras börda.</p>
