{"id":77,"date":"2019-10-07T07:52:47","date_gmt":"2019-10-07T07:52:47","guid":{"rendered":"https:\/\/www.epistel.se\/?page_id=77"},"modified":"2019-12-02T11:07:25","modified_gmt":"2019-12-02T11:07:25","slug":"tredje-sondagen-i-advent","status":"publish","type":"page","link":"https:\/\/www.epistel.se\/?page_id=77","title":{"rendered":"Stj\u00e4rnglans till mitt hj\u00e4rta"},"content":{"rendered":"\n<h3>Tredje s\u00f6ndagen i Advent | Bana v\u00e4g f\u00f6r Herrren<\/h3>\n\n\n\n<p><em>Inspirerad av Andra Petrusbrevet 1:19-21<\/em><\/p>\n\n\n\n<p>Som en lampa i mitt m\u00f6rker,<br>som ett ljus, som gryningen,<br>som ett stj\u00e4rnglans till mitt hj\u00e4rta<br>kommer du.<\/p>\n\n\n\n<p>Som ett k\u00e4rleksord i hatet,<br>som en s\u00e5ng i tystnaden,<br>som en v\u00e4g i vilsen vildmark<br>kommer du, min v\u00e4n.<\/p>\n\n\n\n<p><em>Kommer du, kommer du,<br>kommer du, kommer du,<br>kommer du, kommer du,<br>Kommer du till mig nu.<br>Kommer du till mig, Gud.<\/em><\/p>\n\n\n\n<p>Som ett l\u00f6fte genom tiden,<br>n\u00e5t jag trott f\u00f6r l\u00e4ngesen.<br>Som ett liv som trotsar d\u00f6den<br>kommer du.<\/p>\n\n\n\n<p>Som en frihet i det f\u00e5ngna,<br>som en n\u00e5d, f\u00f6rl\u00e5telsen,<br>som har vandrat oss till m\u00f6tes<br>kommer du, min v\u00e4n.<\/p>\n\n\n\n<p><em>Kommer du, kommer du &#8230;<\/em><\/p>\n\n\n\n<figure class=\"wp-block-audio aligncenter\"><audio controls src=\"https:\/\/www.epistel.se\/wp-content\/uploads\/2019\/09\/SVF-Stja\u0308rnglans.mp3\"><\/audio><\/figure>\n\n\n\n<div class=\"wp-block-button aligncenter\"><a class=\"wp-block-button__link has-text-color has-lightest-gray-color has-background has-dark-gray-background-color\" href=\"https:\/\/www.gehrmans.se\/butik\/kor\/stjarnglans-i-mitt-hjarta-13709\">K\u00f6p hos Gehrmans<\/a><\/div>\n\n\n\n<div class=\"wp-block-image\"><figure class=\"aligncenter\"><img decoding=\"async\" loading=\"lazy\" width=\"1200\" height=\"1697\" src=\"https:\/\/www.epistel.se\/wp-content\/uploads\/2019\/10\/3eAdvent.jpg\" alt=\"\" class=\"wp-image-86\" srcset=\"https:\/\/www.epistel.se\/wp-content\/uploads\/2019\/10\/3eAdvent.jpg 1200w, https:\/\/www.epistel.se\/wp-content\/uploads\/2019\/10\/3eAdvent-212x300.jpg 212w, https:\/\/www.epistel.se\/wp-content\/uploads\/2019\/10\/3eAdvent-768x1086.jpg 768w, https:\/\/www.epistel.se\/wp-content\/uploads\/2019\/10\/3eAdvent-724x1024.jpg 724w, https:\/\/www.epistel.se\/wp-content\/uploads\/2019\/10\/3eAdvent-766x1083.jpg 766w\" sizes=\"(max-width: 1200px) 100vw, 1200px\" \/><\/figure><\/div>\n","protected":false},"excerpt":{"rendered":"<p>Tredje s\u00f6ndagen i Advent | Bana v\u00e4g f\u00f6r Herrren Inspirerad av Andra Petrusbrevet 1:19-21 Som en lampa i mitt m\u00f6rker,som ett ljus, som gryningen,som ett stj\u00e4rnglans till mitt hj\u00e4rtakommer du. Som ett k\u00e4rleksord i hatet,som en s\u00e5ng i tystnaden,som en v\u00e4g i vilsen vildmarkkommer du, min v\u00e4n. Kommer du, kommer du,kommer du, kommer du,kommer du, [&hellip;]<\/p>\n","protected":false},"author":1,"featured_media":0,"parent":0,"menu_order":0,"comment_status":"closed","ping_status":"closed","template":"","meta":{"spay_email":""},"categories":[4],"tags":[19,20,23],"_links":{"self":[{"href":"https:\/\/www.epistel.se\/index.php?rest_route=\/wp\/v2\/pages\/77"}],"collection":[{"href":"https:\/\/www.epistel.se\/index.php?rest_route=\/wp\/v2\/pages"}],"about":[{"href":"https:\/\/www.epistel.se\/index.php?rest_route=\/wp\/v2\/types\/page"}],"author":[{"embeddable":true,"href":"https:\/\/www.epistel.se\/index.php?rest_route=\/wp\/v2\/users\/1"}],"replies":[{"embeddable":true,"href":"https:\/\/www.epistel.se\/index.php?rest_route=%2Fwp%2Fv2%2Fcomments&post=77"}],"version-history":[{"count":6,"href":"https:\/\/www.epistel.se\/index.php?rest_route=\/wp\/v2\/pages\/77\/revisions"}],"predecessor-version":[{"id":148,"href":"https:\/\/www.epistel.se\/index.php?rest_route=\/wp\/v2\/pages\/77\/revisions\/148"}],"wp:attachment":[{"href":"https:\/\/www.epistel.se\/index.php?rest_route=%2Fwp%2Fv2%2Fmedia&parent=77"}],"wp:term":[{"taxonomy":"category","embeddable":true,"href":"https:\/\/www.epistel.se\/index.php?rest_route=%2Fwp%2Fv2%2Fcategories&post=77"},{"taxonomy":"post_tag","embeddable":true,"href":"https:\/\/www.epistel.se\/index.php?rest_route=%2Fwp%2Fv2%2Ftags&post=77"}],"curies":[{"name":"wp","href":"https:\/\/api.w.org\/{rel}","templated":true}]}}

Stjärnglans till mitt hjärta

<h3>Tredje söndagen i Advent | Bana väg för Herrren</h3>



<p><em>Inspirerad av Andra Petrusbrevet 1:19-21</em></p>



<p>Som en lampa i mitt mörker,<br>som ett ljus, som gryningen,<br>som ett stjärnglans till mitt hjärta<br>kommer du.</p>



<p>Som ett kärleksord i hatet,<br>som en sång i tystnaden,<br>som en väg i vilsen vildmark<br>kommer du, min vän.</p>



<p><em>Kommer du, kommer du,<br>kommer du, kommer du,<br>kommer du, kommer du,<br>Kommer du till mig nu.<br>Kommer du till mig, Gud.</em></p>



<p>Som ett löfte genom tiden,<br>nåt jag trott för längesen.<br>Som ett liv som trotsar döden<br>kommer du.</p>



<p>Som en frihet i det fångna,<br>som en nåd, förlåtelsen,<br>som har vandrat oss till mötes<br>kommer du, min vän.</p>



<p><em>Kommer du, kommer du &#8230;</em></p>



<figure class="wp-block-audio aligncenter"><audio controls src="https://www.epistel.se/wp-content/uploads/2019/09/SVF-Stjärnglans.mp3"></audio></figure>



<div class="wp-block-button aligncenter"><a class="wp-block-button__link has-text-color has-lightest-gray-color has-background has-dark-gray-background-color" href="https://www.gehrmans.se/butik/kor/stjarnglans-i-mitt-hjarta-13709">Köp hos Gehrmans</a></div>



<div class="wp-block-image"><figure class="aligncenter"><img decoding="async" loading="lazy" width="1200" height="1697" src="https://www.epistel.se/wp-content/uploads/2019/10/3eAdvent.jpg" alt="" class="wp-image-86" srcset="https://www.epistel.se/wp-content/uploads/2019/10/3eAdvent.jpg 1200w, https://www.epistel.se/wp-content/uploads/2019/10/3eAdvent-212x300.jpg 212w, https://www.epistel.se/wp-content/uploads/2019/10/3eAdvent-768x1086.jpg 768w, https://www.epistel.se/wp-content/uploads/2019/10/3eAdvent-724x1024.jpg 724w, https://www.epistel.se/wp-content/uploads/2019/10/3eAdvent-766x1083.jpg 766w" sizes="(max-width: 1200px) 100vw, 1200px" /></figure></div>

<p>Tredje söndagen i Advent | Bana väg för Herrren Inspirerad av Andra Petrusbrevet 1:19-21 Som en lampa i mitt mörker,som ett ljus, som gryningen,som ett stjärnglans till mitt hjärtakommer du. Som ett kärleksord i hatet,som en sång i tystnaden,som en väg i vilsen vildmarkkommer du, min vän. Kommer du, kommer du,kommer du, kommer du,kommer du, [&hellip;]</p>
